21)?
7
Let m be 3 + -2 + (1 - 2). Suppose v - 5*c + 5 = m, -5*v - 2*c + 13 = -70. Calculate the remainder when 1*3/6*86 is divided by v.
13
Let p(n) = n**3 + 4*n**2 + 3*n. Let b be p(-2). Suppose 2*c - 4*m = -22, 0*m + 18 = -3*c + 3*m. Let h = b + c. What is the remainder when h is divided by 1?
0
Suppose 0 = 3*z + 3 + 9. Let p(n) = -3*n + 1. Let a(x) = 4*x. What is the remainder when a(9) is divided by p(z)?
10
Suppose 4*h = -36 + 188. Suppose 2*l + 3*l - 5*a - 70 = 0, 3*l = 4*a + h. Calculate the remainder when 53 is divided by l.
17
Calculate the remainder when 39 is divided by -3*4/(8/(-14)).
18
Suppose 0 = -3*m + 27. Suppose 4*g + 3*o - 92 = 0, -17 + 5 = -3*o. Let w = g - m. Calculate the remainder when 20 is divided by w.
9
Let w = 11 + -8. Let p = -17 + 30. Calculate the remainder when w + -5 + -1 - -28 is divided by p.
12
Calculate the remainder when 936/(-27)*4/((-16)/6) is divided by 1/(-3) - (-110)/6.
16
What is the remainder when 42 is divided by 42/56 + (218/8)/1?
14
Let j(b) = b**2 + 7*b - 12. What is the remainder when 4/18 - 133/(-9) is divided by j(-9)?
3
Suppose -3 = -5*k + 2*k + 3*g, 5*k = 4*g + 5. Let z(d) = d**2 - 3*d + 2. Let t be z(3). Let h = t + k. Calculate the remainder when 8 is divided by h.
2
Let t be (1 + -8)*36/(-14). What is the remainder when 22 is divided by 40/(-180) + 220/t?
10
Let z = -1 + 29. Let u = 23 + 60. Calculate the remainder when u is divided by z.
27
Suppose 2*f - 23 = 17. Let u = 2 + -1. Calculate the remainder when f is divided by u*5 - (0 + -2).
6
Let l(b) = -3 + 3 + b**2 + 4 - 2*b - 3*b. Let z be l(5). Suppose -4*u + k + k + 28 = 0, -z*u + 4*k + 28 = 0. What is the remainder when 20 is divided by u?
6
Suppose -4 + 12 = -4*q. Let i = 2 - q. Calculate the remainder when i is divided by (12/(-10))/((-8)/20).
1
Suppose 5*y + 4*j - 67 = 0, 1 + 7 = -4*j. Calculate the remainder when -2 + (2 - 1) - -29 is divided by y.
13
Let q be (3/(-2))/((-27)/90). Let f be (-1)/((4/q)/(-4)). Suppose -27 = -3*t - 3*k, -4*t - f*k = -2*k - 32. What is the remainder when 8 is divided by t?
3
Let w(u) = -u**3 + 5*u**2 - u - 5. Let o(a) = a**2 + 4*a + 3. Let x be o(-3). Suppose -r + 3*r - 8 = x. Calculate the remainder when w(4) is divided by r.
3
Let b(q) = -11*q - 2. Calculate the remainder when 51 is divided by b(-1).
6
Let a = -18 + 21. Suppose 3*s + z - 5*z = 87, 2*z = a*s - 81. Calculate the remainder when 47 is divided by s.
22
Let o(p) be the first derivative of 9*p**2/2 - 17*p - 2. Let x(k) = 5*k - 8. Let c(h) = -6*o(h) + 11*x(h). What is the remainder when 53 is divided by c(0)?
11
Let z = -4 + 15. Let n be -3 - (204/(-2))/3. Suppose 5*i + 94 = 5*c - n, 2*c = -5*i + 15. What is the remainder when c is divided by z?
9
Let a(q) be the third derivative of q**6/120 + 2*q**5/15 - q**4/24 + 5*q**3/3 - 4*q**2. Calculate the remainder when 2/(-8)*2*-68 is divided by a(-8).
16
Suppose 2*d + 126 = 4*d. What is the remainder when d is divided by 16?
15
Let n = -3 - -4. Let f be 51 + n + (-3)/3. Suppose -x - 2*x + f = 0. Calculate the remainder when x is divided by 6.
5
Suppose 2*x = 2*z - 18, 4*z + 2*x = -x + 1. Calculate the remainder when 22 is divided by z.
2
Suppose -f = -5*f + 16. Calculate the remainder when 4/(-14) + (-88)/(-14) is divided by f.
2
Suppose 0 = -5*j + 21 + 44. Suppose -3*z = -220 + 34. Calculate the remainder when z is divided by j.
10
Suppose 26*p - 19*p - 189 = 0. What is the remainder when 51 is divided by p?
24
Let g = -48 + 86. What is the remainder when g is divided by 20 + -3 - 1 - 3?
12
Let b be 10/(-3)*(-12)/10. Suppose -4*k + b = -2*k. Calculate the remainder when k is divided by (6/(-12))/((-2)/4).
0
Let r(p) = p**2 - 4*p + 6. Suppose -q + 28 + 11 = 0. Suppose 4*g - 1 = q. Calculate the remainder when r(6) is divided by g.
8
Suppose -c + 2 = -0*c. Suppose -6 - 52 = -c*h. Calculate the remainder when h is divided by 15.
14
Let c(b) = 17*b**2 - 1. Let x be c(1). Suppose -2*r + 16 = 4*g - r, 4*g + 4*r - x = 0. Let l = 9 - -1. What is the remainder when l is divided by g?
2
Suppose 7*t - 56 = 3*t. Let o(i) = i**3 + 8*i**2 - 8*i + 8. Let d be o(-9). Calculate the remainder when t is divided by -6*d/9*6.
2
Suppose 0 = y + 3*x - 0 - 6, -3*y + 2*x + 7 = 0. Let r(l) = -2*l + 0*l**2 - 4 - 4*l**3 - y*l**2 + 1. Calculate the remainder when r(-2) is divided by 11.
10
Let o be 1/2*14 + -2. Suppose -2*i = -o + 1. Suppose -4 = -i*m + 2. Calculate the remainder when m is divided by 2.
1
Let o = -11 - -18. Suppose -95 = 2*k - o*k. Calculate the remainder when 55 is divided by k.
17
Let c(t) = t**2 + 8*t + 5. Calculate the remainder when -18*1/(4/(-6)) is divided by c(-9).
13
Let b = 59 + -6. Let m = -25 + b. Suppose -3*d - 2*t = 2*t - 10, -4*d + 60 = -4*t. Calculate the remainder when m is divided by d.
8
Let o be ((-2)/(-8))/(4/16). What is the remainder when 51 is divided by -4*(2 - o) - -17?
12
Calculate the remainder when 5/(-20)*-7*96 is divided by 13.
12
Let a(w) = w**3 + 4 - w - 25*w**2 - 2 + 3 + 30*w**2. What is the remainder when a(-4) is divided by 14?
11
Let w = 3 + 0. Calculate the remainder when 11 is divided by w.
2
Let l(u) = -3*u**2 + 13*u + 5. Calculate the remainder when 15 is divided by l(4).
6
Let c = -2 - -67. Suppose 28 + c = 3*g. What is the remainder when 92 is divided by g?
30
What is the remainder when (-24)/(-2*2/4) is divided by 13?
11
Let u = 22 - 16. Let j = 5 + -2. Let o(n) = 6*n - 2. What is the remainder when o(j) is divided by u?
4
Suppose -5*a + a + 24 = 0. Suppose 7*x = a*x + 19. Calculate the remainder when 56 is divided by x.
18
Suppose -2*j + 2 = -3*j, -8 = 3*t + j. Let i = 5 - t. What is the remainder when 19 is divided by i?
5
Calculate the remainder when 1/((-4)/(-79 - -3)) is divided by 5.
4
Suppose 3*l = -l + 16. Calculate the remainder when 5 is divided by l.
1
Suppose l - 3*i = 3*l - 37, 3*l = 5*i + 46. Suppose -3*t = 8 + 10. Let d(q) = -3*q - 9. Calculate the remainder when l is divided by d(t).
8
Let h = -24 + 35. What is the remainder when 19 is divided by h?
8
Suppose -5*r - 4*x + 475 = 43, 4*r - 358 = 3*x. Calculate the remainder when r is divided by 31.
26
Let s(w) = w**3 - 24*w**2 + 25*w + 7. Calculate the remainder when s(23) is divided by 14.
11
Suppose 6*n = 45 + 21. Calculate the remainder when 65 is divided by n.
10
Let p(y) = 9*y**2 - 3*y - 1. Let j be p(3). Suppose 0 = u + 2*u + 4*f - j, -4*u + 3*f = -103. What is the remainder when 48 is divided by u?
23
Suppose 5*z - 758 = 5*y + 232, 5*y - 25 = 0. Calculate the remainder when z is divided by 41.
39
Suppose 2*n - 60 = 56. What is the remainder when n is divided by 20?
18
Suppose -f - 108 = 3*f. Calculate the remainder when (f/12)/(3/(-32)) is divided by 13.
11
Suppose -3*r - 2*y - 111 = -39, 5*r = 4*y - 120. Let i = r - -65. What is the remainder when i is divided by 11?
8
Let b be 1*(-6 - -3 - -3). Calculate the remainder when 55 is divided by ((-1)/(-1) + b)*19.
17
Suppose d = -3*d + 8. Suppose -d*v + 13 = -5. What is the remainder when v is divided by 5?
4
Calculate the remainder when 102 is divided by (-332)/(-16) - 1/(-4).
18
Let s(l) = l + 3. Let h be s(0). Suppose -h*o + 24 + 45 = 0. What is the remainder when o is divided by 8?
7
Suppose -7 = 3*a - 1. Let q = 3 - a. What is the remainder when 18 is divided by q?
3
Suppose q + 29 = 102. Suppose f - 2*p - q = -4*f, -35 = -3*f - p. Let k(s) = -8*s**3 - 2*s**2 - 2*s - 1. What is the remainder when f is divided by k(-1)?
6
Suppose 4*h = 66 + 74. What is the remainder when h is divided by 19?
16
Calculate the remainder when 254 is divided by (60/(-8))/(7/(-14)).
14
Suppose -k = 2 - 13. Suppose -k - 4 = -3*a. Suppose -17 = -2*x - a. Calculate the remainder when 11 is divided by x.
5
Let o(r) = -r**2 - 11*r - 7. Calculate the remainder when 13 is divided by o(-10).
1
Calculate the remainder when 70 is divided by (-1 + 0)*2 - -20.
16
Suppose -46 + 19 = -2*q + i, 0 = -2*q - i + 33. What is the remainder when 29 is divided by q?
14
Let l = -23 + 42. Let w(f) = f**2 - 11*f + 10. Let u be w(10). Suppose -5*r + 197 + 78 = u. What is the remainder when r is divided by l?
17
Let l(r) = -r**3 - 6*r**2 - 7*r + 1. Suppose -5*i - 9 = 16. Let x = -406 - -410. Calculate the remainder when l(i) is divided by x.
3
Suppose -5*d = 5*v + 405, 2*d + d - 3*v =